{"id":43299,"date":"2023-07-28T10:17:17","date_gmt":"2023-07-28T10:17:17","guid":{"rendered":"https:\/\/www.advancedmanufacturingbarcelona.com\/guest\/alfonso-munoz-bisie-aer\/"},"modified":"2023-08-30T07:03:26","modified_gmt":"2023-08-30T07:03:26","slug":"alfonso-munoz-bisie-aer","status":"publish","type":"guest","link":"https:\/\/www.advancedmanufacturingbarcelona.com\/en\/speaker\/alfonso-munoz-bisie-aer\/","title":{"rendered":"Alfonso Mu\u00f1oz Bisi\u00e9, AER"},"content":{"rendered":"\n<p>Responsable de gesti\u00f3n de proyectos y desarrollo de negocio en la Asociaci\u00f3n Espa\u00f1ola de Rob\u00f3tica y Automatizaci\u00f3n.\u00a0<\/p>\n\n<p>Alfonso es\u00a0<a href=\"https:\/\/www.linkedin.com\/feed\/hashtag\/?keywords=ingeniero&amp;highlightedUpdateUrns=urn%3Ali%3Aactivity%3A7082666016165494784\">Ingeniero<\/a>\u00a0Qu\u00edmico por la\u00a0<a href=\"https:\/\/www.linkedin.com\/company\/university-of-barcelona\/\">Universitat de Barcelona<\/a>, y\u00a0<a href=\"https:\/\/www.linkedin.com\/feed\/hashtag\/?keywords=mba&amp;highlightedUpdateUrns=urn%3Ali%3Aactivity%3A7082666016165494784\">MBA<\/a>\u00a0por\u00a0<a href=\"https:\/\/www.linkedin.com\/company\/esade\/\">E<\/a>SADE. Ha desempe\u00f1ado puestos de\u00a0<a href=\"https:\/\/www.linkedin.com\/feed\/hashtag\/?keywords=direcci%C3%B3n&amp;highlightedUpdateUrns=urn%3Ali%3Aactivity%3A7082666016165494784\">direcci\u00f3n<\/a>\u00a0en\u00a0<a href=\"https:\/\/www.linkedin.com\/feed\/hashtag\/?keywords=multinacional&amp;highlightedUpdateUrns=urn%3Ali%3Aactivity%3A7082666016165494784\">multinacional<\/a>es\u00a0y es co-fundador de dos\u00a0<a href=\"https:\/\/www.linkedin.com\/feed\/hashtag\/?keywords=startups&amp;highlightedUpdateUrns=urn%3Ali%3Aactivity%3A7082666016165494784\">startups<\/a>\u00a0tecnol\u00f3gicas.\u00a0A lo largo de su trayectoria profesional, siempre en el\u00a0<a href=\"https:\/\/www.linkedin.com\/feed\/hashtag\/?keywords=sectorprivado&amp;highlightedUpdateUrns=urn%3Ali%3Aactivity%3A7082666016165494784\">sector privado<\/a>, ha transitado por diferentes verticales:\u00a0<a href=\"https:\/\/www.linkedin.com\/feed\/hashtag\/?keywords=qu%C3%ADmico&amp;highlightedUpdateUrns=urn%3Ali%3Aactivity%3A7082666016165494784\">qu\u00edmico<\/a>, <a href=\"https:\/\/www.linkedin.com\/feed\/hashtag\/?keywords=papelero&amp;highlightedUpdateUrns=urn%3Ali%3Aactivity%3A7082666016165494784\">papelero<\/a>, e-commerce, machine vision e inteligencia artifical. Actualmente es responsable de gesti\u00f3n de proyectos y desarrollo de negocio en la Asociaci\u00f3n Espa\u00f1ola de Rob\u00f3tica y Automatizaci\u00f3n.<\/p>\n","protected":false},"excerpt":{"rendered":"<p>Responsable de gesti\u00f3n de proyectos y desarrollo de negocio en la Asociaci\u00f3n Espa\u00f1ola de Rob\u00f3tica y Automatizaci\u00f3n.\u00a0 Alfonso es\u00a0Ingeniero\u00a0Qu\u00edmico por la\u00a0Universitat de Barcelona, y\u00a0MBA\u00a0por\u00a0ESADE. Ha desempe\u00f1ado puestos de\u00a0direcci\u00f3n\u00a0en\u00a0multinacionales\u00a0y es co-fundador de dos\u00a0startups\u00a0tecnol\u00f3gicas.\u00a0A lo largo de su trayectoria profesional, siempre en el\u00a0sector privado, ha transitado por diferentes verticales:\u00a0qu\u00edmico, papelero, e-commerce, machine vision e inteligencia artifical. Actualmente [&hellip;]<\/p>\n","protected":false},"featured_media":43297,"template":"","meta":{"_seopress_robots_primary_cat":"","_seopress_titles_title":"","_seopress_titles_desc":"","_seopress_robots_index":"","_company_name":"","_job_title":"","_visit_me":"","_email":"","_linkedin":"","_twitter":"","_facebook":"","_instagram":"","_youtube":"","_imdb":"","footnotes":""},"edition":[119],"guest_type":[146],"work":[],"class_list":["post-43299","guest","type-guest","status-publish","has-post-thumbnail","hentry","edition-congreso-2023","guest_type-regular-speaker-en"],"_cover_image":{"href":"https:\/\/www.advancedmanufacturingbarcelona.com\/en\/wp-json\/wp\/v2\/media\/43295"},"_links":{"self":[{"href":"https:\/\/www.advancedmanufacturingbarcelona.com\/en\/wp-json\/wp\/v2\/guest\/43299","targetHints":{"allow":["GET"]}}],"collection":[{"href":"https:\/\/www.advancedmanufacturingbarcelona.com\/en\/wp-json\/wp\/v2\/guest"}],"about":[{"href":"https:\/\/www.advancedmanufacturingbarcelona.com\/en\/wp-json\/wp\/v2\/types\/guest"}],"version-history":[{"count":3,"href":"https:\/\/www.advancedmanufacturingbarcelona.com\/en\/wp-json\/wp\/v2\/guest\/43299\/revisions"}],"predecessor-version":[{"id":48185,"href":"https:\/\/www.advancedmanufacturingbarcelona.com\/en\/wp-json\/wp\/v2\/guest\/43299\/revisions\/48185"}],"wp:featuredmedia":[{"embeddable":true,"href":"https:\/\/www.advancedmanufacturingbarcelona.com\/en\/wp-json\/wp\/v2\/media\/43297"}],"wp:attachment":[{"href":"https:\/\/www.advancedmanufacturingbarcelona.com\/en\/wp-json\/wp\/v2\/media?parent=43299"}],"wp:term":[{"taxonomy":"edition","embeddable":true,"href":"https:\/\/www.advancedmanufacturingbarcelona.com\/en\/wp-json\/wp\/v2\/edition?post=43299"},{"taxonomy":"guest_type","embeddable":true,"href":"https:\/\/www.advancedmanufacturingbarcelona.com\/en\/wp-json\/wp\/v2\/guest_type?post=43299"},{"taxonomy":"work","embeddable":true,"href":"https:\/\/www.advancedmanufacturingbarcelona.com\/en\/wp-json\/wp\/v2\/work?post=43299"}],"curies":[{"name":"wp","href":"https:\/\/api.w.org\/{rel}","templated":true}]}}

Alfonso Muñoz Bisié, AER

<p>Responsable de gestión de proyectos y desarrollo de negocio en la Asociación Española de Robótica y Automatización. </p>

<p>Alfonso es <a href="https://www.linkedin.com/feed/hashtag/?keywords=ingeniero&amp;highlightedUpdateUrns=urn%3Ali%3Aactivity%3A7082666016165494784">Ingeniero</a> Químico por la <a href="https://www.linkedin.com/company/university-of-barcelona/">Universitat de Barcelona</a>, y <a href="https://www.linkedin.com/feed/hashtag/?keywords=mba&amp;highlightedUpdateUrns=urn%3Ali%3Aactivity%3A7082666016165494784">MBA</a> por <a href="https://www.linkedin.com/company/esade/">E</a>SADE. Ha desempeñado puestos de <a href="https://www.linkedin.com/feed/hashtag/?keywords=direcci%C3%B3n&amp;highlightedUpdateUrns=urn%3Ali%3Aactivity%3A7082666016165494784">dirección</a> en <a href="https://www.linkedin.com/feed/hashtag/?keywords=multinacional&amp;highlightedUpdateUrns=urn%3Ali%3Aactivity%3A7082666016165494784">multinacional</a>es y es co-fundador de dos <a href="https://www.linkedin.com/feed/hashtag/?keywords=startups&amp;highlightedUpdateUrns=urn%3Ali%3Aactivity%3A7082666016165494784">startups</a> tecnológicas. A lo largo de su trayectoria profesional, siempre en el <a href="https://www.linkedin.com/feed/hashtag/?keywords=sectorprivado&amp;highlightedUpdateUrns=urn%3Ali%3Aactivity%3A7082666016165494784">sector privado</a>, ha transitado por diferentes verticales: <a href="https://www.linkedin.com/feed/hashtag/?keywords=qu%C3%ADmico&amp;highlightedUpdateUrns=urn%3Ali%3Aactivity%3A7082666016165494784">químico</a>, <a href="https://www.linkedin.com/feed/hashtag/?keywords=papelero&amp;highlightedUpdateUrns=urn%3Ali%3Aactivity%3A7082666016165494784">papelero</a>, e-commerce, machine vision e inteligencia artifical. Actualmente es responsable de gestión de proyectos y desarrollo de negocio en la Asociación Española de Robótica y Automatización.</p>

<p>Responsable de gestión de proyectos y desarrollo de negocio en la Asociación Española de Robótica y Automatización.  Alfonso es Ingeniero Químico por la Universitat de Barcelona, y MBA por ESADE. Ha desempeñado puestos de dirección en multinacionales y es co-fundador de dos startups tecnológicas. A lo largo de su trayectoria profesional, siempre en el sector privado, ha transitado por diferentes verticales: químico, papelero, e-commerce, machine vision e inteligencia artifical. Actualmente [&hellip;]</p>
